237?
True
Is 97 a factor of 21630516?
False
Does 47 divide 449107?
False
Is 4 a factor of 23660?
True
Is 4770 a multiple of 15?
True
Does 1133 divide 491722?
True
Is 92 a factor of 45760?
False
Does 30 divide 8815355?
False
Is 5148130 a multiple of 1564?
False
Does 24 divide 7214?
False
Is 14914375 a multiple of 1095?
False
Is 278 a factor of 122320?
True
Does 10 divide 119567?
False
Is 81447 a multiple of 51?
True
Is 912699 a multiple of 132?
False
Does 31 divide 22451354?
False
Is 92604 a multiple of 31?
False
Does 11 divide 1653452?
False
Is 26580 a multiple of 20?
True
Is 70660 a multiple of 4?
True
Is 10 a factor of 650912?
False
Does 53 divide 31588?
True
Is 94129 a multiple of 41?
False
Is 20532 a multiple of 185?
False
Is 24 a factor of 1982243?
False
Is 14004375 a multiple of 2425?
True
Is 53742 a multiple of 26?
True
Is 134 a factor of 278050?
True
Is 74405 a multiple of 115?
True
Is 26 a factor of 320381?
False
Is 439 a factor of 521971?
True
Is 196438 a multiple of 28?
False
Is 2440726 a multiple of 64?
False
Does 114 divide 243887?
False
Is 13 a factor of 22650?
False
Is 60927 a multiple of 23?
True
Is 8817240 a multiple of 12?
True
Is 7059047 a multiple of 288?
False
Is 3234860 a multiple of 107?
False
Is 1703037 a multiple of 48?
False
Is 179336 a multiple of 284?
False
Does 397 divide 4769?
False
Does 9 divide 1339128?
True
Is 7994263 a multiple of 159?
False
Does 13 divide 1651246?
False
Is 11 a factor of 29370?
True
Is 29 a factor of 2030?
True
Is 108 a factor of 37476?
True
Is 850128 a multiple of 108?
False
Is 14785709 a multiple of 181?
True
Does 492 divide 265188?
True
Does 283 divide 463271?
True
Does 11 divide 360767?
True
Is 644 a factor of 787099?
False
Is 200014 a multiple of 97?
True
Is 74179 a multiple of 92?
False
Is 7 a factor of 45456?
False
Does 39 divide 16731?
True
Is 1549950 a multiple of 233?
False
Does 7 divide 171017?
True
Is 52707 a multiple of 338?
False
Does 200 divide 2702000?
True
Is 309 a factor of 931715?
False
Is 187 a factor of 929577?
True
Is 42528 a multiple of 32?
True
Does 76 divide 11819974?
False
Does 31 divide 76582?
False
Is 246632 a multiple of 4?
True
Is 308412 a multiple of 13?
True
Is 117 a factor of 643487?
False
Does 14 divide 183148?
True
Is 472 a factor of 7052408?
False
Does 6 divide 52566?
True
Is 18 a factor of 2029748?
False
Is 35 a factor of 186305?
True
Is 259 a factor of 441336?
True
Is 47 a factor of 913398?
True
Is 125190 a multiple of 16?
False
Does 1017 divide 9916767?
True
Is 46 a factor of 867284?
True
Is 5 a factor of 1112346?
False
Is 64 a factor of 428736?
True
Is 58869 a multiple of 8?
False
Is 219 a factor of 915852?
False
Does 23 divide 464784?
True
Does 9 divide 9419859?
True
Does 11 divide 3613764?
True
Is 28 a factor of 1113308?
True
Is 20 a factor of 2455160?
True
Is 868 a multiple of 124?
True
Does 15 divide 19125?
True
Is 17124 a multiple of 9?
False
Is 51120 a multiple of 162?
False
Does 51 divide 57707?
False
Is 91142 a multiple of 58?
False
Is 1265346 a multiple of 894?
False
Does 22 divide 506939?
False
Does 112 divide 160048?
True
Does 18 divide 1566196?
False
Is 23 a factor of 417358?
True
Is 18 a factor of 590391?
False
Is 1231328 a multiple of 15?
False
Is 2082 a factor of 3699241?
False
Is 4225355 a multiple of 5?
True
Does 5 divide 687035?
True
Does 14 divide 196?
True
Is 3471272 a multiple of 28?
True
Is 302 a factor of 396951?
False
Is 21 a factor of 11235875?
False
Is 56 a factor of 1106670?
False
Is 1718411 a multiple of 373?
True
Is 699 a factor of 7180404?
False
Is 187 a factor of 5814481?
False
Is 127797 a multiple of 123?
True
Is 108 a factor of 112961?
False
Is 709 a factor of 110020?
False
Is 2 a factor of 639493?
False
Is 271728 a multiple of 592?
True
Is 155 a factor of 586055?
True
Is 22 a factor of 1013668?
False
Is 112765 a multiple of 13?
False
Does 84 divide 149174?
False
Does 56 divide 1251992?
True
Does 6 divide 3998325?
False
Is 13 a factor of 13970895?
False
Is 4793602 a multiple of 251?
False
Is 264334 a multiple of 158?
True
Is 3109362 a multiple of 186?
True
Does 7 divide 98882?
True
Is 371175 a multiple of 7?
True
Is 17070 a multiple of 4?
False
Is 45 a factor of 2070476?
False
Is 2 a factor of 1450721?
False
Is 66 a factor of 202884?
True
Is 197 a factor of 72102?
True
Does 236 divide 933338?
False
Is 18 a factor of 70866?
True
Is 18 a factor of 248256?
True
Is 716 a factor of 393084?
True
Is 44 a factor of 85844?
True
Is 35 a factor of 184695?
True
Is 229362 a multiple of 37?
False
Is 17 a factor of 1172298?
False
Does 106 divide 5989742?
True
Is 4857153 a multiple of 110?
False
Is 673 a factor of 6774312?
False
Does 140 divide 13641496?
False
Does 6 divide 62769?
False
Does 186 divide 32397?
False
Is 206 a factor of 2387643?
False
Is 30 a factor of 2668710?
True
Is 27 a factor of 66852?
True
Is 300426 a multiple of 311?
True
Is 49 a factor of 1297874?
False
Does 299 divide 318914?
False
Is 476 a factor of 293380?
False
Is 6397456 a multiple of 104?
True
Is 194400 a multiple of 144?
True
Does 77 divide 3605741?
False
Is 185523 a multiple of 67?
True
Does 59 divide 12035837?
False
Is 4 a factor of 55232?
True
Is 945399 a multiple of 21?
True
Does 361 divide 8660751?
True
Is 178 a factor of 17407154?
True
Is 25465122 a multiple of 159?
True
Is 284813 a multiple of 458?
False
Is 2756 even?
True
Does 119 divide 2011276?
False
Is 941271 a multiple of 131?
False
Is 12494094 a multiple of 219?
False
Is 66 a factor of 6705821?
False
Is 70770 a multiple of 10?
True
Is 23 a factor of 40489?
False
Is 481650 a multiple of 741?
True
Is 10683998 a multiple of 216?
False
Is 678 a factor of 1127398?
False
Is 317 a factor of 15910268?
False
Is 244 a factor of 6593368?
True
Does 268 divide 28371284?
True
Is 152 a factor of 142177?
False
Is 27 a factor of 19728252?
True
Is 322624 a multiple of 11?
False
Is 53 a factor of 42665?
True
Is 49 a factor of 62965?
True
Does 30 divide 552538?
False
Is 334258 a multiple of 3?
False
Is 7037390 a multiple of 294?
False
Is 22 a factor of 60635?
False
Does 45 divide 19665?
True
Is 47 a factor of 1172405?
False
Does 161 divide 1133305?
False
Is 38 a factor of 261560?
False
Is 151 a factor of 3997121?
True
Is 59 a factor of 523271?
True
Does 19 divide 77729?
True
Is 26 a factor of 1065471?
False
Does 65 divide 213200?
True
Is 23571 a multiple of 81?
True
Does 3 divide 1219155?
True
Does 7 divide 186200?
True
Is 276829 a multiple of 18?
False
Is 54 a factor of 5493582?
True
Is 129 a factor of 914094?
True
Is 57 a factor of 616854?
True
Is 6042998 a multiple of 58?
False
Is 7 a factor of 97399?
False
Does 12 divide 4444076?
False
Does 15 divide 543924?
False
Is 1625199 a multiple of 105?
False
Is 12 a factor of 48552?
True
Is 25 a factor of 8941?
False
Is 56 a factor of 8726704?
True
Does 301 divide 111438?
False
Is 56 a factor of 331098?
False
Does 345 divide 2787657?
False
Is 56 a factor of 2982784?
True
Is 67689 a multiple of 69?
True
Is 1672865 a multiple of 695?
True
Is 130 a factor of 323193?
False
Does 4 divide 68706?
False
Is 234 a factor of 5392530?
True
Is 1739106 a multiple of 158?
True
Does 260 divide 8639020?
True
Does 403 divide 1619118?
False
Does 2 divide 469971?
False
Does 39 divide 1168830?
True
Is 5104 a multiple of 8?
True
Is 46 a factor of 9890?
True
Is 4561318 a multiple of 346?
True
Is 9791426 a multiple of 10?
False
Is 243414 a multiple of 59?
False
Is 1321 a factor of 4311161?
False
Does 212 divide 90948?
True
Is 2 a factor of 60777?
False
Does 51 divide 1615170?
True
Is 234 a factor of 946998?
True
Is 1496 a factor of 6862152?
True
Is 17 a factor of 962710?
True
Is 3 a factor of 872877?
True
Does 20 divide 7784436?
False
Does 28 divide 214732?
True
Is 2313 a factor of 11884194?
True
Is 468 a factor of 3707028?
True
Does 672 divide 7729609?
False
Does 42 divide 606396?
True
Does 140 divide 419058?
False
Is 16 a factor of 956247?
False
Does 15 divide 227744?
False
Is 3852550 a multiple of 13?
True
Is 401 a factor of 8088972?
True
Is 6488 a multiple of 48?
False
Is 4 a factor of 97312?
True
Is 20 a factor of 2687?
False
Is 62 a factor of 34038?
True
Does 3 divide 38971?
False
Is 12089260 a multiple of 943?
True
Is 17 a factor of 386534?
False
Does 65 divide 351496?
False
Is 237